tors of 1294?
2, 647
What are the prime factors of 111060?
2, 3, 5, 617
List the prime factors of 869.
11, 79
What are the prime factors of 82?
2, 41
What are the prime factors of 53746?
2, 7, 11, 349
What are the prime factors of 69?
3, 23
List the prime factors of 7173.
3, 797
List the prime factors of 45388.
2, 7, 1621
List the prime factors of 30768.
2, 3, 641
List the prime factors of 27707.
103, 269
What are the prime factors of 25797?
3, 8599
What are the prime factors of 47284?
2, 11821
List the prime factors of 97402.
2, 31, 1571
What are the prime factors of 105?
3, 5, 7
List the prime factors of 3761.
3761
List the prime factors of 66063.
3, 19, 61
What are the prime factors of 42106?
2, 37, 569
What are the prime factors of 10100?
2, 5, 101
List the prime factors of 434.
2, 7, 31
List the prime factors of 459.
3, 17
What are the prime factors of 2058?
2, 3, 7
List the prime factors of 11683.
7, 1669
What are the prime factors of 10494?
2, 3, 11, 53
What are the prime factors of 58859?
71, 829
List the prime factors of 127181.
89, 1429
List the prime factors of 1494.
2, 3, 83
What are the prime factors of 48802?
2, 13, 1877
List the prime factors of 173410.
2, 5, 17341
List the prime factors of 739.
739
What are the prime factors of 13190?
2, 5, 1319
List the prime factors of 25117.
25117
What are the prime factors of 4430?
2, 5, 443
What are the prime factors of 3373?
3373
What are the prime factors of 18450?
2, 3, 5, 41
List the prime factors of 2395.
5, 479
List the prime factors of 7996.
2, 1999
What are the prime factors of 726?
2, 3, 11
List the prime factors of 30314.
2, 23, 659
What are the prime factors of 2144?
2, 67
List the prime factors of 35579.
47, 757
What are the prime factors of 329?
7, 47
What are the prime factors of 10186?
2, 11, 463
List the prime factors of 2852.
2, 23, 31
List the prime factors of 270.
2, 3, 5
List the prime factors of 1549.
1549
List the prime factors of 13148.
2, 19, 173
What are the prime factors of 28875?
3, 5, 7, 11
What are the prime factors of 1093?
1093
List the prime factors of 3066.
2, 3, 7, 73
What are the prime factors of 12794?
2, 6397
List the prime factors of 13920.
2, 3, 5, 29
What are the prime factors of 10256?
2, 641
What are the prime factors of 1053?
3, 13
What are the prime factors of 706?
2, 353
List the prime factors of 1552.
2, 97
List the prime factors of 1271.
31, 41
What are the prime factors of 9359?
7, 191
What are the prime factors of 1058?
2, 23
List the prime factors of 1585.
5, 317
List the prime factors of 774.
2, 3, 43
List the prime factors of 824.
2, 103
What are the prime factors of 17966?
2, 13, 691
List the prime factors of 252.
2, 3, 7
What are the prime factors of 43771?
7, 13, 37
What are the prime factors of 628?
2, 157
List the prime factors of 2437.
2437
List the prime factors of 1180.
2, 5, 59
List the prime factors of 12381.
3, 4127
What are the prime factors of 2376?
2, 3, 11
What are the prime factors of 1009?
1009
What are the prime factors of 93701?
93701
What are the prime factors of 8004?
2, 3, 23, 29
What are the prime factors of 456?
2, 3, 19
What are the prime factors of 2628?
2, 3, 73
What are the prime factors of 19603?
19603
What are the prime factors of 4367?
11, 397
List the prime factors of 10176.
2, 3, 53
What are the prime factors of 3736?
2, 467
What are the prime factors of 2920?
2, 5, 73
What are the prime factors of 457?
457
What are the prime factors of 951?
3, 317
List the prime factors of 57204.
2, 3, 7, 227
List the prime factors of 390.
2, 3, 5, 13
List the prime factors of 726.
2, 3, 11
What are the prime factors of 5280?
2, 3, 5, 11
List the prime factors of 15283.
17, 29, 31
What are the prime factors of 1729?
7, 13, 19
What are the prime factors of 680?
2, 5, 17
What are the prime factors of 940?
2, 5, 47
What are the prime factors of 31647?
3, 7, 11, 137
What are the prime factors of 37669?
139, 271
List the prime factors of 1025.
5, 41
What are the prime factors of 125425?
5, 29, 173
What are the prime factors of 175?
5, 7
What are the prime factors of 1390?
2, 5, 139
List the prime factors of 64346.
2, 32173
What are the prime factors of 17592?
2, 3, 733
List the prime factors of 3992.
2, 499
What are the prime factors of 333?
3, 37
List the prime factors of 117.
3, 13
List the prime factors of 12533.
83, 151
What are the prime factors of 30647?
19, 1613
List the prime factors of 7369.
7369
What are the prime factors of 10604?
2, 11, 241
What are the prime factors of 1405?
5, 281
List the prime factors of 133994.
2, 7, 17, 563
List the prime factors of 74830.
2, 5, 7, 1069
What are the prime factors of 4391?
4391
What are the prime factors of 8293?
8293
What are the prime factors of 56834?
2, 157, 181
What are the prime factors of 3948?
2, 3, 7, 47
What are the prime factors of 28938?
2, 3, 7, 13, 53
List the prime factors of 257.
257
List the prime factors of 2688.
2, 3, 7
What are the prime factors of 1530?
2, 3, 5, 17
List the prime factors of 306.
2, 3, 17
What are the prime factors of 19872?
2, 3, 23
List the prime factors of 49022.
2, 127, 193
What are the prime factors of 7197?
3, 2399
What are the prime factors of 1537?
29, 53
List the prime factors of 3524.
2, 881
What are the prime factors of 398?
2, 199
List the prime factors of 7120.
2, 5, 89
List the prime factors of 4521.
3, 11, 137
List the prime factors of 4323.
3, 11, 131
What are the prime factors of 26039?
13, 2003
List the prime factors of 118750.
2, 5, 19
List the prime factors of 707.
7, 101
What are the prime factors of 3556?
2, 7, 127
List the prime factors of 122117.
122117
List the prime factors of 71929.
11, 13, 503
What are the prime factors of 12483?
3, 19, 73
What are the prime factors of 494?
2, 13, 19
What are the prime factors of 3904?
2, 61
What are the prime factors of 30695?
5, 7, 877
What are the prime factors of 12071?
12071
What are the prime factors of 12417?
3, 4139
What are the prime factors of 25214?
2, 7, 1801
List the prime factors of 1039.
1039
List the prime factors of 130113.
3, 61, 79
List the prime factors of 893.
19, 47
List the prime factors of 7586.
2, 3793
List the prime factors of 3299.
3299
List the prime factors of 6694.
2, 3347
What are the prime factors of 48953?
48953
What are the prime factors of 89427?
3, 13, 2293
List the prime factors of 4531.
23, 197
What are the prime factors of 67?
67
What are the prime factors of 351?
3, 13
List the prime factors of 1877.
1877
What are the prime factors of 1019?
1019
What are the prime factors of 5529?
3, 19, 97
What are the prime factors of 1757?
7, 251
List the prime factors of 113207.
79, 1433
List the prime factors of 776.
2, 97
What are the prime factors of 4368?
2, 3, 7, 13
What are the prime factors of 8047?
13, 619
List the prime factors of 53908.
2, 13477
What are the prime factors of 19763?
19763
What are the prime factors of 204?
2, 3, 17
What are the prime factors of 613?
613
List the prime factors of 31619.
7, 4517
List the prime factors of 54667.
54667
What are the prime factors of 558?
2, 3, 31
What are the prime factors of 3988?
2, 997
List the prime factors of 672.
2, 3, 7
What are the prime factors of 388?
2, 97
What are the prime factors of 129168?
2, 3, 13, 23
What are the prime factors of 55809?
3, 13, 53
What are the prime factors of 875?
5, 7
What are the prime factors of 7386?
2, 3, 1231
What are the prime factors of 1750?
2, 5, 7
List the prime factors of 111.
3, 37
What are the prime factors of 5688?
2, 3, 79
List the prime factors of 4320.
2, 3, 5
List the prime factors of 1148.
2, 7, 41
What are the prime factors of 1363?
29, 47
List the prime factors of 18.
2, 3
What are the prime factors of 34158?
2, 3, 5693
List the prime factors of 675.
3, 5
What are the prime factors of 9278?
2, 4639
What are the prime factors of 2466?
2, 3, 137
List the prime factors of 2555.
5, 7, 73
List the prime factors of 6181.
7, 883
List the prime factors of 10323.
3, 31, 37
List the prime factors of 1086.
2, 3, 181
What are the prime factors of 5814?
2, 3, 17, 19
What are the prime factors of 3904?
2, 61
What are the prime factors of 40?
2, 5
List the prime factors of 16198.
2, 7, 13, 89
List the prime factors of 47307.
3, 13, 1213
List the prime fa